 = -1931 + 3391. What is the thousands digit of l?
1
Suppose 2215 = 18*z - 10943. What is the tens digit of z?
3
Let m = 502 + -295. What is the tens digit of (m/(-6))/(9/(-18))?
6
Let u = 140 - 443. Let c = 488 + u. What is the tens digit of c?
8
Let g(z) = z**2 + 5*z + 7. Let j be g(-4). Suppose 5*q = -15, 3*h - 3*q = 177 - j. What is the units digit of h?
5
Suppose 5*q - 3144 - 7271 = 0. What is the thousands digit of q?
2
Let z(s) = -s**2 + 34*s - 26. Suppose -2*a + 42 = -0*a - u, 2*a = -u + 42. What is the units digit of z(a)?
7
Suppose 6*u + 2280 = 63*u. What is the tens digit of u?
4
What is the tens digit of -6*11870/90*-3?
7
Suppose -n - 4*a = -3309, -2*n - 21*a + 6636 = -19*a. What is the hundreds digit of n?
3
Suppose -5*l + 1697 = 4*p - 2*p, -5*p = 3*l - 1022. What is the hundreds digit of l?
3
Suppose -3*o - 3*b - 3 = 0, b - 2*b + 1 = 3*o. Let k = o - -7. What is the units digit of k?
8
Let b be 2 + 0*3/(-15). Suppose -214 = -2*v + b*h, 3*h - 6*h - 15 = 0. What is the hundreds digit of v?
1
Let p be (32/20)/((-2)/(-5)). What is the units digit of 164/2 + p - -3?
9
Let n be 98/5 + (-6)/(-15). Suppose b = 49 + n. Let l = b - 34. What is the units digit of l?
5
Suppose m + 4*m = -4*d + 2396, -602 = -d - 2*m. Suppose -d = -5*x - 149. What is the units digit of x?
9
Let t(o) = o + 10. Let c be t(-8). Suppose -5*l = -c*y - 140, 2*y + 2*l + 22 = -146. Let k = -52 - y. What is the units digit of k?
8
Let i(a) = 4192*a**2 - 4*a - 4. What is the hundreds digit of i(-1)?
1
Suppose 3*f + 9 = 54. Suppose -521 = -f*a - 71. What is the units digit of a?
0
Let t(g) = -g**2 - 4*g - 1. Let l be t(-6). Let z be 43 + 3*(-7 + 5). Let k = z + l. What is the units digit of k?
4
Suppose 2*l = o + 4, 3*l + 2*l + 8 = -2*o. Let p(s) = -8*s + 8. Let z be p(-6). Suppose -2*b - 5*u + 36 = l, 0*b + 5*b = -4*u + z. What is the units digit of b?
8
Let s(o) = -2*o**3 - 8*o - 7. Let l be s(-1). Suppose -l*a + y + 736 = 0, -1228 = -a - 4*a + y. What is the hundreds digit of a?
2
Suppose -4*w - 2*w = -426. Let c = w - -56. What is the tens digit of c?
2
Suppose 5*x - 3*x + 6164 = 5*h, 3*x - 2477 = -2*h. What is the thousands digit of h?
1
Let y be ((-2 - 2) + 0)/((-3)/6). Let k(d) = -d**3 + 10*d**2 - 17. What is the hundreds digit of k(y)?
1
Let g = 15 + -30. Let w = g - -83. Suppose 0*b - w = -4*b. What is the units digit of b?
7
Suppose -3*w - 2*c + 3660 = 0, 2*c = -2*w - 124 + 2562. What is the tens digit of w?
2
Suppose 3*g - y - 170 = 42, 4*g = -y + 292. Let d(l) = -51*l + 1. Let j be d(1). Let u = j + g. What is the tens digit of u?
2
Suppose -5*u + 101 = -3*a, -2*a + 4*u = -0*a + 70. Let m = -135 + 206. Let s = m + a. What is the tens digit of s?
4
Suppose 0 = -4*m - 3*v + 1605, 4*m - 4*v - 786 = 2*m. Let b = m + -140. What is the units digit of b?
9
Let d(x) = 2*x**2 - 4*x + 7. Let v be d(-6). Let s = v - 54. Let m = -35 + s. What is the tens digit of m?
1
Let i(t) = 3*t**3 + 43*t - 433. What is the thousands digit of i(11)?
4
Let h = 375 - 63. What is the units digit of h?
2
Suppose -w = -5*s - 1770, -2*w + 1079 = -3*s + 2*w. Let a = s - -616. What is the units digit of a?
3
Suppose -2*p - 10 = 4*l - 2*l, -l = 4*p + 14. What is the tens digit of (-6)/p*(-65)/(-10)?
1
Let b(x) = 56*x + 5. Let o(y) = -224*y - 20. Let m(v) = -18*b(v) - 4*o(v). What is the units digit of m(-2)?
4
Let f(w) = -5*w**2 - 49*w - 11. What is the units digit of f(-9)?
5
Let w = -55 + 416. What is the tens digit of w?
6
Let u(k) = -142*k + 167. What is the units digit of u(-4)?
5
What is the tens digit of (-661)/(-5)*15/3?
6
Suppose 5*q = -0*q. Let n = -279 + 405. Suppose n = -q*d + 3*d. What is the tens digit of d?
4
Suppose -l + 0*l = 6. Let d be 52/l + 4/6. Let y = 11 - d. What is the tens digit of y?
1
What is the tens digit of (-1)/(5 - 4) - 2232/(-3)?
4
Suppose -5*u - 9 = 2*o, -3 = o - 0*o + u. Let c(d) = -32*d**3 + d**2 + 4*d + 7. What is the hundreds digit of c(o)?
2
Let q be (6 + 162/(-12))/(2/16). Let j = q + 301. What is the hundreds digit of j?
2
What is the tens digit of (-2761)/(-9) - (-6)/27?
0
Let l(f) = -f**2 - 19*f - 10. Let q be l(-13). Let y = -48 + q. Suppose 5*d - d - y = 4*v, -v = 2*d - 16. What is the units digit of d?
7
Suppose -2*l - 4 = 10. Let c(s) = -8*s + 0 - 3 + 2*s. What is the units digit of c(l)?
9
Let q(s) = -4*s - 21. Let v be q(-3). Let f = v + 40. What is the tens digit of f?
3
Let t(n) = -21*n + 1. Let v be t(2). Let l = v + 105. What is the tens digit of l?
6
Let f be ((-2)/(-3))/((-30)/(-6165)). Let i = f + 7. Suppose -5*r + i = -81. What is the units digit of r?
5
Suppose 0 = -2*g + 5*b + 62, g + 4*g + 4*b = 155. What is the units digit of g?
1
Let r(f) = f**2 - 3*f - 36. What is the hundreds digit of r(-32)?
0
Let n be (-2)/(-4) - (-446)/4. Suppose n = 2*h - 0*h. Suppose 5*d = d + h. What is the tens digit of d?
1
Let j(z) = -7*z + 17. Let n(p) = 6*p + 43. Let u be n(-9). What is the units digit of j(u)?
4
Let f(i) = 2*i**3 - i**2 - i. Let k be f(-1). Let m be k - -1*(-12)/(-4). Suppose -m = 3*l - 2*l - d, l - 2*d = -6. What is the units digit of l?
4
Suppose 189 + 451 = 4*p. Suppose -4*g + p = -2*n, -20 = -g + n + 21. What is the units digit of g?
9
Let p = 2793 - 686. What is the hundreds digit of p?
1
Suppose 195 = 7*n - 2*n. Let w be 12*(30/(-18) + (2 - 2)). Let u = w + n. What is the units digit of u?
9
Let m(g) = g**3 + 10*g**2 - 13*g - 13. Let n be m(-11). Suppose 2*i - n - 11 = 0. What is the units digit of i?
0
Suppose 73251 = 11*d + 16*d. What is the thousands digit of d?
2
Let g = -94 + 92. Suppose -2*k + 4*v = -2 - 4, -14 = -3*k + 5*v. Let o = k + g. What is the tens digit of o?
1
Suppose -5*g - 14 = 36. Let k = 8 - g. Suppose m + 36 = 2*h + 2*h, -2*h - 5*m = -k. What is the units digit of h?
9
Suppose -10 - 10 = -5*n. Suppose 2*o + 2 = n*l - l, -4*o = 3*l + 40. Let u = 26 + o. What is the units digit of u?
9
Let a(t) = -t**3 - t + 19. Let g = 6 + -3. Suppose 0 = 2*w + 4*x + 18 - 2, 2*w - g*x - 12 = 0. What is the units digit of a(w)?
9
Let s = -2979 + 4954. What is the tens digit of s?
7
Let g(r) = -r**3 - 27*r**2 - 50*r + 9. What is the tens digit of g(-26)?
3
Suppose 7*a - 2*a - 20 = 0. Let c be ((-8)/(-14))/(a/14). Suppose -b + 13 = -d + c*d, b = 4*d + 23. What is the tens digit of b?
1
Let q be (-3)/(-7) + (-7)/((-147)/15111). Suppose z + 2*v - 180 = 0, 3*z - 2*v = -z + q. What is the tens digit of z?
8
Let k(v) = 85*v**2 - 42*v + 8. What is the hundreds digit of k(-4)?
5
Let k(a) be the second derivative of a**4/12 - 5*a**3/3 + 3*a**2 + a. Let h = 60 + -50. What is the units digit of k(h)?
6
Let g = 57 + -63. Let x(b) = b**2 + 4. What is the tens digit of x(g)?
4
What is the thousands digit of (4/6)/(11/60654)?
3
Suppose 3*q + 5*i = 5510, 25*q = 29*q + 5*i - 7350. What is the tens digit of q?
4
Let n(c) = c - 7. Let y be n(5). Let f be (3 + 1)/y*-1. Suppose -f = 2*u - 6. What is the units digit of u?
2
Let u(j) = 11*j**2 + 87*j + 10. What is the tens digit of u(17)?
6
Let c be (-3690)/(-27) + (-2)/(-6). Let v = -83 + c. What is the tens digit of v?
5
Let n(a) be the third derivative of a**4/24 - 3*a**2. Let t be n(-4). Let s(j) = 4*j**2 + 5*j + 9. What is the tens digit of s(t)?
5
What is the tens digit of (6/39)/(19/269477)?
8
Let l(h) = -4*h + 10*h + 3 - 17. What is the tens digit of l(13)?
6
Let o(z) = z**2 + 10*z + 3. Let d be o(-10). Suppose l = -d*l + 44. Suppose 0 = 3*x - l - 28. What is the units digit of x?
3
Let o(k) = 9*k - 3. Let s(q) = 13*q**2 + 2*q + 1. Let v be s(-1). Let t be o(v). Suppose 0 = -5*d - 4*l + t - 8, -l + 88 = 5*d. What is the tens digit of d?
1
What is the tens digit of 1 - 16/14 - (-9630)/35?
7
Suppose -10 = -5*n, -2*n - 3*n = r - 44. Suppose -r = 5*z + 3*s, -4*z - 10 = -3*s + 1. What is the tens digit of (17*1)/(z/(-15))?
5
Suppose k + c - 2 = 0, c = 5*k - 0*c - 22. Suppose 0*o + o = 5*x + 6, -4*x - k*o = 0. Let d = x + 8. What is the units digit of d?
7
Let q(j) = j**3 + 17*j**2 + 15*j - 11. Let w(f) = 3*f. Let u(l) = 15*l + 1. Let m(h) = 2*u(h) - 11*w(h). Let r be m(6). What is the units digit of q(r)?
5
Suppose 7*v = 10*v - 144. Let r be (-1380)/v*(-1 + -3). Suppose 0 = 4*o + r - 339. What is the tens digit of o?
5
Suppose -7*w = -4*w - 12. Let q = -5 - -2. What is the units digit of q/(